ose 4*h - 5*j = 179, -2*h = -0*h + 4*j - 122. Suppose 2*u - h = 3*f, -2*u = 2*f + 3*f + 69. What are the prime factors of (-10 + 1)/(f/10)?
2, 3
Suppose 0*h = -3*h + 12. Suppose -7 = -5*b + x, 5*x = h*b - 8*b + 23. Suppose -b*y - 3*j = -201, -3*y + 2*j = -4*y + 103. List the prime factors of y.
3, 31
Suppose -23514 = -4*h + 2*i + 21532, h - i - 11259 = 0. List the prime factors of h.
2, 11
Let d(b) = -220*b - 9. Let p be d(-9). Suppose 3*n - 3*f = p, -2 = 4*f - 2*f. What are the prime factors of n?
2, 41
Suppose -2*c - 3*i - 11 = -0*c, -2*c = -2*i - 4. Let g be -1*(-4 - c) + 10. Let q(u) = 5*u + 43. What are the prime factors of q(g)?
2, 3
Suppose 0 = t - 714 + 257. Suppose 5*d + t - 112 = 0. Let w = -46 - d. What are the prime factors of w?
23
Let d = -2608 - -7308. List the prime factors of d.
2, 5, 47
Suppose -7*d + 10 = -11. What are the prime factors of (-980)/(-15)*d + 3?
199
Suppose 6 + 1 = 7*c. Let f be (-2)/(c - 759/753). Suppose 0 = 4*t - 2*p - 190, -2*p = 2*t + 3*t - f. What are the prime factors of t?
7
Let o = 76 - 54. Suppose 3*t = 79 - 91. Let m = o - t. List the prime factors of m.
2, 13
Suppose 39*m = 107*m - 850000. List the prime factors of m.
2, 5
Let a = 12223 - 7300. List the prime factors of a.
3, 547
Let z(y) = -y**3 + 7*y**2 - y + 11. Let v(h) = -8*h - 1. Let b be v(-1). Let x be z(b). Suppose 66 + 42 = x*o. What are the prime factors of o?
3
Suppose -8*x = x. Suppose 2*g - g = -3*c + 276, x = -5*g. What are the prime factors of c?
2, 23
Let u(y) = 190*y**2 - 6*y - 5. Let v be u(-2). Suppose -10*z + 15*z = -5*c + 2005, -2*c + 5*z = -v. List the prime factors of c.
2, 3, 11
Suppose -600 = 2*d - n + 449, 1556 = -3*d - 2*n. Let j = 55 - d. List the prime factors of j.
577
Let p = 362 + -135. Let l = p - -915. List the prime factors of l.
2, 571
Suppose 0 = -5*w + 20*w - 300. Suppose -b + 72 = 3*y + 2*b, 5*b = -y + w. List the prime factors of y.
5
Let p(x) = 134*x + 2. Let v be 42/231 + (-9)/(-11). List the prime factors of p(v).
2, 17
Let p(f) be the second derivative of 8/5*f**5 - 1/3*f**3 + 0 - 24*f + 0*f**4 + f**2. List the prime factors of p(2).
2, 127
Suppose 9*l - 4705 = -3*j + 8*l, 2*j = 3*l + 3144. List the prime factors of j.
3, 523
Suppose -8*b - 2847 = -11183. Suppose 16*g - 3714 = -b. List the prime factors of g.
167
Let l(d) = -161*d. Let x(f) = -10*f. Let i(y) = -3*l(y) + 49*x(y). List the prime factors of i(-7).
7
Let s(x) = x**3 + 34*x**2 - 3*x + 99. What are the prime factors of s(-27)?
3, 587
Suppose 60*c - 1064 - 1456 = 0. Let k(g) = -g**3 - 5*g**2 + 5*g - 1. Let w be k(-6). Suppose x - c = -w*x. List the prime factors of x.
7
Suppose 3*m = -4*h + 33410, -h = -4*m - 6990 - 1353. What are the prime factors of h?
7, 1193
Suppose 16*k - 3*m = 12*k + 57608, 28804 = 2*k - m. Suppose 16*n - 35*n = -k. List the prime factors of n.
2, 379
List the prime factors of 14886/(-72)*-24 - 8.
2, 2477
Let o(q) = 28*q**2 - 433*q + 150. What are the prime factors of o(-29)?
3, 5, 2417
Let p(t) be the first derivative of -t**2/2 - 6*t + 11. Let g be p(-3). List the prime factors of (-12)/(6/135*g).
2, 3, 5
Let a(h) = -3*h - 41. Let d be a(-16). Suppose -d*j + 3*j = -1512. List the prime factors of j.
2, 3, 7
List the prime factors of ((-1)/2)/(85/(-34)) - 88028/(-10).
8803
Suppose 5*t - 2 - 13 = 0, 5*l - 35 = -5*t. Suppose 5*k - l*c - 11018 = -3329, 0 = -4*k - 4*c + 6180. Suppose 47 - k = -9*r. List the prime factors of r.
2, 83
Let t = 247 - 303. Let k = 249 + t. What are the prime factors of k?
193
Let j(f) = 18*f**2 + 30*f - 155. List the prime factors of j(13).
29, 113
Let y(g) = -g**3 - 9*g**2 - 8*g - 4. Let w be y(-8). Let a be (-523)/(6/w*10/15). Suppose -7*k = -520 - a. List the prime factors of k.
149
List the prime factors of (-22 - (-132)/11 - -5) + 34190.
3, 5, 43, 53
Let v(z) = -7*z**2 - z**3 + 0*z**3 + 7 + 11*z - z**3. Let o = 12680 + -12687. List the prime factors of v(o).
3, 7, 13
Suppose -2*l + l = 3, n + 2*l + 18 = 0. Let x be -1 + (3/2 - n/(-8)). What are the prime factors of x/6 + 1*(-687)/(-18)?
2, 19
Suppose -89*r + 73*r = -54224. List the prime factors of r.
3389
Let p be 2*8/(0 - 2 - -4). Suppose -p*n = -12*n + 1168. List the prime factors of (n/8 + 6/2)*2.
79
Let p(j) = -j**2 - 4*j. Let x be p(-4). Suppose i + 1 = x, 3*i = f - 4*f - 189. Let a = f - -117. List the prime factors of a.
5, 11
Let f = 2 + 1. Suppose -2*d + d + 733 = -o, 0 = -4*d + f*o + 2931. Suppose -6*g + d = -444. List the prime factors of g.
2, 7
What are the prime factors of (-57562)/(-18) + (4 - (-245)/(-63))?
2, 3, 13, 41
Suppose -164*y - 228572 = -231*y - 12899. What are the prime factors of y?
3, 29, 37
Let p be 1*113 + -3 + 7. Suppose 8*n + p + 3411 = 0. What are the prime factors of (0 + -2)*n/18?
7
Suppose 4*f = 4*x - 104, 0 = -5*x + 4*f - 7*f + 146. Suppose -735 = x*q - 33*q + 3*u, -2*q + 4*u = -294. List the prime factors of q.
3, 7
Let s be 1/((-2)/(3 - -163)). Let j = -67 - s. Suppose -4*d + j = 0, -2*r + r + 5*d = -69. List the prime factors of r.
89
Suppose 0 = y + 3*k - 9448, 0 = -42*k + 45*k + 18. List the prime factors of y.
2, 4733
Suppose -20*r = -25*r - 30. List the prime factors of (-1)/r + (2765/42 - -9).
3, 5
Let a be (-144)/(-66) + (-8)/44. Suppose 9*z - a*z + 1078 = 0. Let n = z - -221. What are the prime factors of n?
67
Suppose -238252 = -5*j + 2*q, -5*j - 2602*q = -2597*q - 238210. List the prime factors of j.
2, 1489
Suppose -x + 8 = 6. Suppose -3*c - x*w = 4, 5*c + 0*c + 10 = -5*w. Suppose 18*g - 12*g - 966 = c. List the prime factors of g.
7, 23
Suppose d + 12 = v - 4*d, -d = -3*v + 8. Let k(z) = 5*z - 2*z - v*z**2 - z + 5*z**2 - 2. What are the prime factors of k(-5)?
3, 7
Suppose -1 = s - 5*k - 36, -3*k = -3*s + 93. Let f be (-2)/(-12) + 2455/s. Suppose -2*n = -f - 16. What are the prime factors of n?
7
Suppose -4*r - 2*o = -o - 556, r - 5*o - 139 = 0. Suppose 43*g = 42*g + r. What are the prime factors of g?
139
Let v(b) = 404*b**2 - 9*b - 13. List the prime factors of v(-5).
2, 17, 149
Let i(b) = 8*b**2 + 31*b - 44. Let l be i(22). List the prime factors of ((-16)/5)/((-22)/l).
2, 41
Suppose 2 = -b - 5*y - 5, 2*b = 5*y + 31. List the prime factors of (-288)/b*(139/(-4) + 1).
3, 5
Let w(z) = z**3 - 7*z**2 + 15*z - 1. Let v be w(3). List the prime factors of 418*(-14)/(-21)*18/v.
3, 11, 19
Suppose -4*x = 11*x + 2610. List the prime factors of (-58)/x - 1802/(-3).
601
What are the prime factors of (4329/156)/((-2)/(-296)) - 0/(-3)?
3, 37
Let z(g) = -g**3 - 15*g**2 - 8*g + 24. Let f be z(-14). Suppose -2 = 3*p - 62. Let i = p - f. List the prime factors of i.
2, 5
Let i = 154 - 214. What are the prime factors of (-5)/(i/184)*27?
2, 3, 23
Let s = 800 + -283. Suppose -2*d + 778 = 5*w, -d + 2*w + s = 128. List the prime factors of d.
389
Suppose 25*m - 15 = -15. What are the prime factors of (-159 + m)/((-105)/70)?
2, 53
Let r be (-1 - 0)/(-6 + 878/146). Let p(a) = 87*a. Let g be p(-2). Let f = r - g. List the prime factors of f.
101
Suppose 0 = 30*r - 35*r + 25, -11*j + 132105 = -r. List the prime factors of j.
2, 5, 1201
Let g(i) = -19*i + 13. Let m be g(-8). Suppose -4*q + m = -1215. Suppose q = 3*f - 3*o, -2*f = f - 2*o - 343. What are the prime factors of f?
113
Let h(r) = -8*r + 8. Let q be h(1). Suppose q = -5*x + 1375 + 945. What are the prime factors of x?
2, 29
Suppose 1437 = -w + 4245 + 8147. What are the prime factors of w?
5, 7, 313
Suppose -5*i + 36627 = 3*x, 3*i - 21196 = -3*x + 785. Suppose -21*n + 5235 = -i. List the prime factors of n.
2, 13, 23
Suppose 5*d = -4*j + 8*j + 19121, 3*j = 6*d - 22938. What are the prime factors of d?
3821
Let g be (135 + -3)/(6/16) + -1. Suppose g = 7*s - 391. Suppose 7*i - 454 - s = 0. List the prime factors of i.
2, 5
Let o(l) = -2*l**2 - 9*l + 3. Let n be o(-5). Let m(y) = -228*y - 1. List the prime factors of m(n).
5, 7, 13
Let y = 197 - 227. List the prime factors of (-4812)/(-15) + (-36)/y.
2, 7, 23
Suppose 0 = -6*x + 4*x - 52. Let c be 1*(x/(-8) - (-1)/(-4)). Suppose -s = c*y - 246, -66 = -2*s + 4*y + 466. List the prime factors of s.
2, 3, 43
Let w = -93 + 87. Let s = w + 418. What are the prime factors of s?
2, 103
Let n(y) = 19*y + 71. Let o(a) = 2*a + 2. Let j(s) = n(s) - 5*o(s). What are the prime factors of j(9)?
2, 71
Let z = -11580 + 20